actors of ((-3)/(-2) - h)/((-3)/(-6))?
3
Let h be 0/2 + -3 + 99. Let w = 2 + h. List the prime factors of w.
2, 7
Let x = 250 + -5. List the prime factors of x.
5, 7
Let x = -107 + 52. Let z = 15 - x. What are the prime factors of z?
2, 5, 7
Let b = -2 + 2. Let m = b + -10. Let a = m - -30. What are the prime factors of a?
2, 5
Let i = 1 + -1. Let h(q) = -q**3 + 4*q**2 - q - 2. Let o be h(3). Suppose -2*s + 5*n + 26 = s, -o*n + 20 = i. What are the prime factors of s?
17
Let a(c) = 4*c - 38. Let x be a(10). Suppose s - 4*k = 82, -4*s - k - x*k + 328 = 0. What are the prime factors of s?
2, 41
Let o be 2 + -4 + -1 + 3. Suppose o*r = -2*r + 52. What are the prime factors of r?
2, 13
Suppose 15*j - 3*w = 12*j + 9879, 0 = -j - w + 3295. List the prime factors of j.
2, 3, 61
Suppose 0*p = 6*p - 282. Suppose -5*i = 10, v - i = 2*i + p. List the prime factors of v.
41
Let j(b) = 3 + 9*b**2 + b**3 - 5 - 10*b + 1 + 2. What are the prime factors of j(-9)?
7, 13
Let g(h) = -9*h**3 - h**2 + 3*h - 1. Let v(l) = -4*l**3 + l - 1. Let m(a) = -3*g(a) + 7*v(a). Let y be m(3). What are the prime factors of (-6)/5*y/2?
2, 3
Suppose 31*n - 24*n = 7098. List the prime factors of n.
2, 3, 13
Let g = -16 + 5. Let m(a) be the first derivative of a**4/4 + 4*a**3 + 11*a**2/2 + 5*a - 11. List the prime factors of m(g).
5
Suppose 3*y - 2*u + 197 = 0, -u - 4*u - 320 = 5*y. Let d = 249 - 137. Let j = y + d. List the prime factors of j.
47
What are the prime factors of (-156 - -123)/((9/(-302))/3)?
2, 11, 151
Let v(j) = 6*j**2 - 6 + 1 - 2*j - 4*j**3 + 5*j**3 - 6*j. Let x be v(-7). Suppose -x*c - g + 116 = 0, -2*c + 5*g + 124 = 20. What are the prime factors of c?
3, 19
Let j = -23 - -23. Suppose -2*n - g + 9 = j, 3*n + 3*g - 6 = -0*n. Suppose n*i + 4 = 8*i. List the prime factors of i.
2
Suppose -3*w + 2*w = 210. Let a = -142 - w. What are the prime factors of a?
2, 17
Let x(d) = 16. Let a(f) = f + 33. Let h(n) = -2*a(n) + 5*x(n). List the prime factors of h(-8).
2, 3, 5
Suppose -2*u = 2*m - 126, -181 + 17 = -3*m + 2*u. Let y(v) = v**3 - 4*v**2 - 2*v. Let w be y(5). Let f = m - w. What are the prime factors of f?
43
Let f(a) = -2*a**2 - 2*a - 2. Let x be f(-2). Let g = -3 - x. Suppose 8*z - 55 = g*z. What are the prime factors of z?
11
Suppose -5*d = -0*d - 15. Let p(n) = -11 - d + 3 - 7*n. List the prime factors of p(-7).
2, 19
Let m = -24 + 26. Suppose -m*n + 154 = -20. List the prime factors of n.
3, 29
Suppose -7*w + 5*w = 5*j - 128, -4*w - 2*j + 240 = 0. Suppose 1061 = 8*r - w. What are the prime factors of r?
2, 5, 7
Suppose 1 = k - 3*w - 2, 0 = -3*k - w - 1. Let t = k + 0. Suppose t*v - 36 = -2*v. What are the prime factors of v?
2, 3
Suppose k - 3*n = -32, -6*k + k - 3*n = 124. Let j be k/6 - 6/9. List the prime factors of j/20 + 34/8.
2
Let u = 93 - -142. Let d = -121 + u. List the prime factors of d.
2, 3, 19
Let a = -1937 + 3048. List the prime factors of a.
11, 101
Suppose 3*v = -291 + 66. Let d = -39 - v. List the prime factors of d.
2, 3
Let c(x) = 3*x**2 - 2*x + 2. Let f be c(3). Suppose -77 = -5*l + f. Suppose -l = -d - d. What are the prime factors of d?
2, 5
Let g = 44 + 47. Suppose 3*i - g = 86. Suppose 3*k = -3*h + 40 + 5, -i = -4*h - 5*k. What are the prime factors of h?
2
Suppose -602 = -3*c + 1777. What are the prime factors of c?
13, 61
Suppose -7 = -11*q + 10*q. Let o(c) = -c**3 + 7*c**2 + 9*c - 9. What are the prime factors of o(q)?
2, 3
Let b(u) = -u + 5. Let f be b(2). Suppose -f*d + 298 = -404. List the prime factors of d.
2, 3, 13
Let z = 34 + -30. Suppose 8*c + z = -12. List the prime factors of (-3 - c)/((-7)/490).
2, 5, 7
Let i = 561 + -280. List the prime factors of i.
281
Let n(s) = -159*s + 26. Let p(w) = 53*w - 9. Let c(v) = -6*n(v) - 17*p(v). Let j be c(1). Suppose 14*o = 12*o + j. What are the prime factors of o?
5
Let j(c) = -19*c**3 - 2*c**2 - c. Let t = -29 - -28. What are the prime factors of j(t)?
2, 3
Suppose 3*z - 569 = -2*m, 2*z - 3*z + 286 = m. Let n = m - 49. What are the prime factors of n?
2, 3, 5
Let i = -108 + 204. Let o = -65 + i. List the prime factors of o.
31
List the prime factors of ((-1614)/(-9))/(((-72)/(-8))/162).
2, 3, 269
Let q be 476/4 + 2 - 5. Let t = q - 21. List the prime factors of t.
5, 19
Suppose -4 = -13*s + 11*s. List the prime factors of s/(-5) + (201/15)/1.
13
Let f(h) = 8*h**2 - 6*h - 24. What are the prime factors of f(-6)?
2, 3, 5
Let a = -719 - -3095. List the prime factors of a.
2, 3, 11
Suppose x - 2*d - 152 = 86, 1190 = 5*x + 3*d. What are the prime factors of x?
2, 7, 17
Suppose -90 - 134 = -8*n. List the prime factors of 2/8 + 1169/n.
2, 3, 7
Let q be (4 - 8)/(2/95). List the prime factors of (2 + q/4)/((-7)/14).
7, 13
Let m = 128 - 72. Suppose 4*d = -20 + m. Let p(a) = a**3 - 10*a**2 + 9*a + 7. List the prime factors of p(d).
7
Let k(m) = 5*m**2 - 10*m + 15. What are the prime factors of k(-9)?
2, 3, 5, 17
Let v = -349 + 1011. List the prime factors of v.
2, 331
Let s = 2573 - -2845. List the prime factors of s.
2, 3, 7, 43
Let b be (-6 - -3)*5/(-3). Suppose -3*x + 10 + b = 0. Suppose 65 = x*h - 0*h. List the prime factors of h.
13
Let j(n) = -n**3 + 5*n**2 + 16*n - 1. Let d be j(7). Suppose -d*x + 596 = -1471. What are the prime factors of x?
3, 53
Let b(u) = -u**3 - 6*u**2 + 10. Let s be b(-5). What are the prime factors of 20/s*(-1476)/8?
2, 3, 41
Let s = -351 - -813. What are the prime factors of s?
2, 3, 7, 11
Let c = 17 - 13. Let w(j) = -2*j + 3 + c*j - 1 + 6*j**2. What are the prime factors of w(-1)?
2, 3
Suppose 2*j + 25 = 7*j, 5*h - 165 = -2*j. Suppose h*t = 32*t - 4. List the prime factors of t.
2
Let y(p) = 23*p**2 + 12*p - 28. Let o = 73 + -70. List the prime factors of y(o).
5, 43
Suppose -3*i + 6 = 2*a, -4*i - i + 9 = 3*a. Suppose l + 0*l - a = 0. Suppose -14 = -3*z + 4*b + 34, l*z = -5*b + 75. List the prime factors of z.
2, 5
Let p be (-2)/(-2) - (-23 - 350). Let y = p - 206. What are the prime factors of y?
2, 3, 7
Let l be (93/2)/(4/(4 - -4)). Suppose -477 = -6*s - l. List the prime factors of s.
2
Let w(s) = -1717*s + 4. List the prime factors of w(-1).
1721
Suppose x - 2*y - 833 = 0, -2*x = 3*y - 184 - 1510. List the prime factors of x.
29
Let i(b) = b**3 + 6*b**2 - 2*b - 7. Let u be i(-6). Suppose 5*f + a - 35 = 0, 2*a = u*f - 26 - 9. List the prime factors of 0 - (f + -3) - -32.
2, 7
Let h be (6 + 3)/(-6 - -7). What are the prime factors of 27/h + 1 + 205?
11, 19
Suppose 9*p - 5*p = 1916. What are the prime factors of p?
479
List the prime factors of 1*-2*79*(5 + -15).
2, 5, 79
What are the prime factors of (5/(-25))/((-1)/1055)?
211
Suppose -10*l - 55 + 685 = 0. Suppose l = -6*j + 969. What are the prime factors of j?
151
Let b(g) = -35*g + 6. Let k(t) = -7*t + 1. Let f(o) = 2*b(o) - 11*k(o). Let u be f(2). Suppose 2*c = x - 2*x + 75, 0 = c + 5*x - u. List the prime factors of c.
2, 5
Let i(o) be the third derivative of -2*o**2 + 5/3*o**3 - 1/120*o**6 + 0 + 0*o + 11/60*o**5 + 7/12*o**4. List the prime factors of i(12).
2, 17
Let k(t) = 9*t + 22. Let b(p) = -99*p - 243. Let h(a) = -5*b(a) - 54*k(a). What are the prime factors of h(0)?
3
Let r = -1818 + 2787. What are the prime factors of r?
3, 17, 19
Suppose -x + 3*v = -0*x - 404, 0 = -3*x - 5*v + 1156. List the prime factors of x.
2, 7
Let u = 1578 - 306. What are the prime factors of u?
2, 3, 53
What are the prime factors of 5 + 23740/110 - 2/(-11)?
13, 17
Let r = 440 - -4240. What are the prime factors of r?
2, 3, 5, 13
Let i = -943 - -1573. List the prime factors of i.
2, 3, 5, 7
Let u = 9 + -9. Suppose -r - 3*r + 92 = u. Let w = 61 - r. List the prime factors of w.
2, 19
Let z(k) = -k + 20. Let x be z(-5). Suppose 650 = 4*b - 2*y + 88, 0 = 5*y + x. List the prime factors of b.
2, 3, 23
Let l = 3481 - 1359. What are the prime factors of l?
2, 1061
Let g be 5620/28 - 8/(-28). Suppose 191 = 7*r - g. List the prime factors of r.
2, 7
Suppose 0 = 4*l + 5*a + 8, 5*l + 0 - 19 = a. Suppose l*h + 0*f + 2*f - 109 = 0, 29 = h - 3*f. Let v = h - 23. What are the prime factors of v?
2, 3
Let x(t) = 2*t + 3. Let z(s) = -9*s - 16. Let d(g) = 11*x(g) + 2*z(g). Let a be 3/4 + 1/4. What are the prime factors of d(a)?
5
Let z = -2653 + 4560. What are the prime factors of z?
1907
Let u(r) = 7*r - 19. Let v be u(11). List the prim